sands digit of p?
5
Suppose 0 = -51*q + 83163 + 3231. What is the tens digit of q?
9
Let t(o) = 2*o**2 + o - 2. Suppose -5*a - 3*q + 4 = -3*a, -4 = 2*a + 5*q. Suppose 2*k + a = -2. What is the tens digit of t(k)?
4
Let k(r) = 2*r + 2. Let q be k(-1). Suppose q = 5*n - 1580 - 1025. What is the hundreds digit of n?
5
What is the units digit of ((-715)/44 - -17) + 99266/8?
9
Suppose -4*j = -2*y - 176, 2*j - 14*y = -10*y + 82. Let t(r) = -r**2 + 8*r - 9. Let b be t(6). Suppose -6*g + j = -b*g. What is the units digit of g?
5
Let j(p) = 8*p**2 + 4*p + 19. Let n be j(6). Let x = -93 + n. What is the hundreds digit of x?
2
Let b(v) = -v**3 - 86*v**2 + 756*v + 393. What is the units digit of b(-100)?
3
Suppose -18 = 2*a - 5*a. Let f(o) = -o**3 + 7*o**2 + 16. Let k be f(a). What is the units digit of k/(8/12*1)?
8
Suppose 0*w + 60 = 2*w. Let i = -9250 + 9254. Suppose -92 = -c - 4*q, i*q - 538 = -5*c - w. What is the hundreds digit of c?
1
Suppose -11*p = 6*p + 102. Let z(d) = 3*d + 29. What is the units digit of z(p)?
1
Suppose 324 = o - 10*o. Let d = o - -42. What is the tens digit of (3/d*8)/1 - -47?
5
Suppose -22*b + 24 = -64. Let m(a) = 102*a + 39. What is the tens digit of m(b)?
4
Suppose 8*t + 378 - 34 = 0. Let x = t - -437. Suppose -2*y - 4*d + 394 = 0, -2*y + x = -3*d + d. What is the units digit of y?
7
Suppose -3*v = 44*o - 42*o - 44529, 5*v = -4*o + 74211. What is the tens digit of v?
4
Let t(v) be the third derivative of -31*v**6/30 + v**5/60 + 5*v**4/8 + 17*v**3/3 + 10*v**2 + 3*v. What is the thousands digit of t(-2)?
1
Let s = -1211 + 1705. Let d = s - 315. What is the tens digit of d?
7
Let w(j) = 9*j - 1 + 3 + 305*j + 30*j + 10*j. What is the hundreds digit of w(1)?
3
Let s = 529 + -527. Let n(k) = 15*k**3 - k**2 - 3*k + 4. What is the hundreds digit of n(s)?
1
Let w(y) = -y + 19. Let v(a) = -a**2 + 12*a - 4. Let c be v(11). Let h(r) = -r**3 + 8*r**2 - 9*r + 3. Let m be h(c). What is the units digit of w(m)?
0
Let r(n) = 2*n**3 + 25*n**2 - 8*n - 30. Suppose 2*f = -54 + 30. What is the tens digit of r(f)?
1
Suppose -29*o - 22*o = -149532. What is the thousands digit of o?
2
Let h(d) be the first derivative of d**3/3 + 7*d**2/2 - 6*d - 32. Let u be h(-8). Suppose 0 = u*s - 264 - 154. What is the tens digit of s?
0
Suppose -299*i = -295*i - 16. Suppose -2*s + 1936 = 4*p, -4*p + 1932 = -0*p + i*s. What is the hundreds digit of p?
4
Let a(v) = 74*v**2 - 100*v - 377. What is the tens digit of a(-4)?
0
Let p(q) = -q + 56. Let x(f) = f. Let k be x(0). Let d be p(k). Suppose 2*a + 0*a = d. What is the tens digit of a?
2
Let t(i) = -i**3 - 10*i**2 - 11*i + 7. Let b(h) = -2*h**2 + 16*h - 10. Let d be b(7). Suppose y = d*c + 43, y - 5 = -2. What is the tens digit of t(c)?
1
What is the ten thousands digit of (31 + -7)*437 - 14?
1
Let v = -46547 - -110983. What is the units digit of v?
6
Let y(h) = -11*h**3 - 3*h**2 - 32*h - 417. What is the hundreds digit of y(-9)?
6
Suppose 3*u = -3*y - 3768, -y + 74*u - 1260 = 73*u. Let k = -601 - y. What is the hundreds digit of k?
6
Suppose -104*p + 103*p = 597. Let o = -1 + -3. What is the tens digit of o/(-7) + p/(-21)?
2
Let b be -4 + (-6)/4*(-64)/(-24). Let v(h) be the second derivative of -25*h**3/6 + 18*h**2 - 7*h. What is the tens digit of v(b)?
3
Let k(y) = -2*y**3 - y**2 + 2*y + 2. Let v be k(-2). Let l(f) = -f**3 + 16*f**2 + 11*f + 25. What is the tens digit of l(v)?
3
Let u(f) = 155*f + 11. Let x be u(19). Let g = -1508 + x. What is the hundreds digit of g?
4
Let g(p) = p. Let x(f) = -f + 1. Let n(t) = -6*g(t) - 5*x(t). Let a be n(-5). What is the hundreds digit of 4 - a - 2*785/(-10)?
1
Suppose -j + 6 = d, j - 3*d - 2 = 24. What is the tens digit of j/22 + 10/4 + 259?
6
Let m(o) = -8672*o**3 - 15*o**2 - 12*o + 2. What is the hundreds digit of m(-1)?
6
Let x(h) = h**3 - 15 - 4*h + 7*h**2 + 16 - h**2 - 5*h. Let s be x(-7). Suppose s*b - 12*b = 171. What is the tens digit of b?
5
Let j = -14 - -16. Let b be 1/j*(9 - -93). Let f = b + 15. What is the tens digit of f?
6
Suppose 900*z = 896*z + 11684. What is the units digit of z?
1
Suppose -331*w = -166*w - 9772785. What is the ten thousands digit of w?
5
Suppose 6*j = 4*j + 114. Let r be 2/3 + (3 - j/(-9)). Suppose -352 = -r*o + 248. What is the tens digit of o?
6
Let i(n) = -3*n - 101. Let t be i(-33). What is the hundreds digit of 1/((-6)/(-918)) + t?
1
What is the tens digit of (-913644)/(-20) + 4 + 2 - 136/(-170)?
8
Let l(b) = 647*b**2 + 4*b - 14. Let w be l(2). Suppose 0 = -4*d - 510 + w. What is the hundreds digit of d?
5
Let w(s) = 5*s - 7. Suppose -10*t + 36 = 8*t. Let d be w(t). What is the tens digit of (5 - d) + -1 + 266?
6
Let h be (-9)/(-5)*14/(-21)*-5. Let g = -3 + h. What is the units digit of 14/4 + g/(-6)?
3
Let b be ((-72)/(-6))/(-2) - -446. Let o = b - -236. What is the units digit of o?
6
Let g be (-1*(4 + -4))/4. Let z(a) = -5*a**3 - a + 602. What is the hundreds digit of z(g)?
6
Let i(l) be the second derivative of l**5/60 - 19*l**4/24 + 17*l**3/6 + 12*l. Let x(b) be the second derivative of i(b). What is the units digit of x(10)?
1
Suppose 0 = 62*z - 2035975 - 2128689. What is the ten thousands digit of z?
6
Suppose -13 = -9*x + 8*x. Suppose 0 = x*j - 3782 - 1717. What is the hundreds digit of j?
4
Suppose -8*d + 3*j + 31735 = 0, -11*d - 3*j + 15845 = -7*d. What is the hundreds digit of d?
9
Suppose 5*r + 4145 - 18775 = 0. What is the hundreds digit of r?
9
What is the thousands digit of (-6)/(-4) - (19 + 14277/(-6))?
2
Let q(s) = 4762*s**2 + 42*s + 43. What is the units digit of q(-1)?
3
Let g be (9 - 1)*(3 - (-35)/(-10)). What is the hundreds digit of -62*((-1244)/120 + g/30)?
6
Suppose -3*g + 4*h + 43 - 1 = 0, 0 = -3*g + 2*h + 42. Suppose 12*r + 460 = g*r. What is the hundreds digit of r?
2
Let a be (3/(-6))/1*0. Suppose a = 2*p - 5*p + 12, 3*c - 191 = -5*p. What is the tens digit of c?
5
Suppose -3*b = a - 12, 3*b - 18 = 11*a - 14*a. Suppose a*n - 1558 = -2*k, -773 = 3*k - 4*k - 3*n. What is the tens digit of k?
8
Suppose -p + 53 = 56, 0 = -y - p + 61. Let i(g) = 3*g + 3. Let w be i(-4). Let u = y - w. What is the tens digit of u?
7
Suppose 20 = 80*x - 70*x. Suppose 4*v = 3*p + 5222, -x*v - p + 692 = -1924. What is the units digit of v?
7
Let s = 56025 + -33165. What is the ten thousands digit of s?
2
Let q(n) = n**2 - 5*n + 2. Let c be q(5). Suppose 3*m = 2*r + 6*m - 555, 5*r - 1371 = -c*m. What is the hundreds digit of r?
2
What is the units digit of (231/(-35))/(4 + 1083/(-270))?
4
Let d be (7 - 5) + (-25 - -3). What is the hundreds digit of (-36)/d - 2 - 2646/(-5)?
5
Suppose 3*b = -3*t + 225, -2*t - 139 - 86 = -3*b. Let o = -76 + b. What is the units digit of 6*o/(-8) - (-5795)/76?
7
What is the ten thousands digit of 22830 + 32/(-24)*(-9)/(-4)?
2
Suppose o + 6 = 9. Suppose 0 = -4*f + 2*c - 7*c + 101, 0 = 2*f + o*c - 53. Suppose 130 = 21*l - f*l. What is the tens digit of l?
6
Let g(r) = 11*r + 9. Let q be g(-4). Let b = -16 - q. Suppose -20*p = -b*p - 51. What is the units digit of p?
1
Suppose 0*j = -17*j - 2822. Let w = -151 - j. What is the tens digit of w?
1
Let q(d) = 11*d**3 + 30*d**2 + 10*d - 41. What is the units digit of q(14)?
3
Suppose -9*q - 26397 = -2*q. What is the tens digit of (-9)/(-12) + q/(-12) + 6?
2
Let q(p) = -2343*p - 894. What is the hundreds digit of q(-5)?
8
Let g be (-1098524)/(-280) + (-3)/10. Suppose 4*l = 5*m + g, -6*m + 3*m - 4894 = -5*l. What is the hundreds digit of l?
9
Suppose -19*d + 14*d = 0. Suppose d = 4*i + 20, 0 = -u + 3*i + 3 + 9. Let z(n) = -16*n - 9. What is the units digit of z(u)?
9
Let z = 45343 + -30990. What is the units digit of z?
3
Suppose t - 175918 = -5*y, 0 = 3*y - 3*t - 82297 - 23261. What is the units digit of y?
4
Let d = -2026 - -2738. What is the hundreds digit of d?
7
What is the thousands digit of (-3)/(-4) - (-63669)/4?
5
Let g(m) = 5*m**2 + 20*m - 1. Let p be g(-6). Let k = p + -54. Suppose k*h + s - 410 - 236 = 0, 3*s = -3*h + 378. What is the units digit of h?
0
Let f be (-8)/(-68) - 53/17. Let c(k) = -k**3 - k**2 + 3*k - 6. Let q be c(f). Suppose 5*n - 32 = -l, -q*n + 5 = -2*n. What is the units digit of l?
7
Suppose -5*s = 35, 2*n = -s + 53298 + 1263. What is the thousands digit of n?
7
Suppose 0 = 2*c + 23*h - 19*h - 5276, 3*c = 4*h + 7844. What is 